{"id":36,"date":"2019-07-18T11:10:09","date_gmt":"2019-07-18T09:10:09","guid":{"rendered":"http:\/\/kotrbova.cz\/?page_id=36"},"modified":"2025-09-28T18:17:10","modified_gmt":"2025-09-28T16:17:10","slug":"pedikura","status":"publish","type":"page","link":"https:\/\/kotrbova.cz\/?page_id=36","title":{"rendered":"Pedik\u00fara"},"content":{"rendered":"\n<ul class=\"wp-block-list\">\n<li>o\u0161et\u0159en\u00ed nohou<\/li>\n\n\n\n<li>mas\u00e1\u017ee<\/li>\n\n\n\n<li>lakov\u00e1n\u00ed, gel lak<\/li>\n\n\n\n<li>klasick\u00e9 o\u0161et\u0159en\u00ed nohou, zarostl\u00fdch neht\u016f a ku\u0159\u00edch ok<\/li>\n\n\n\n<li>peeling<\/li>\n\n\n\n<li>paraf\u00edn<\/li>\n\n\n\n<li>depilace nohou<\/li>\n<\/ul>\n\n\n\n<p><em>Cen\u00edk k nahl\u00e9dnut\u00ed na provozovn\u011b.<\/em><\/p>\n","protected":false},"excerpt":{"rendered":"<p>Cen\u00edk k nahl\u00e9dnut\u00ed na provozovn\u011b.<\/p>\n","protected":false},"author":1,"featured_media":0,"parent":0,"menu_order":0,"comment_status":"closed","ping_status":"closed","template":"","meta":{"footnotes":""},"class_list":["post-36","page","type-page","status-publish","hentry"],"_links":{"self":[{"href":"https:\/\/kotrbova.cz\/index.php?rest_route=\/wp\/v2\/pages\/36","targetHints":{"allow":["GET"]}}],"collection":[{"href":"https:\/\/kotrbova.cz\/index.php?rest_route=\/wp\/v2\/pages"}],"about":[{"href":"https:\/\/kotrbova.cz\/index.php?rest_route=\/wp\/v2\/types\/page"}],"author":[{"embeddable":true,"href":"https:\/\/kotrbova.cz\/index.php?rest_route=\/wp\/v2\/users\/1"}],"replies":[{"embeddable":true,"href":"https:\/\/kotrbova.cz\/index.php?rest_route=%2Fwp%2Fv2%2Fcomments&post=36"}],"version-history":[{"count":8,"href":"https:\/\/kotrbova.cz\/index.php?rest_route=\/wp\/v2\/pages\/36\/revisions"}],"predecessor-version":[{"id":290,"href":"https:\/\/kotrbova.cz\/index.php?rest_route=\/wp\/v2\/pages\/36\/revisions\/290"}],"wp:attachment":[{"href":"https:\/\/kotrbova.cz\/index.php?rest_route=%2Fwp%2Fv2%2Fmedia&parent=36"}],"curies":[{"name":"wp","href":"https:\/\/api.w.org\/{rel}","templated":true}]}}