{"id":116,"date":"2019-07-18T12:49:28","date_gmt":"2019-07-18T10:49:28","guid":{"rendered":"http:\/\/kotrbova.cz\/?page_id=116"},"modified":"2025-09-22T09:26:57","modified_gmt":"2025-09-22T07:26:57","slug":"kadernictvi","status":"publish","type":"page","link":"https:\/\/kotrbova.cz\/?page_id=116","title":{"rendered":"Kade\u0159nictv\u00ed"},"content":{"rendered":"\n<ul class=\"wp-block-list\">\n<li>d\u00e1msk\u00e9, p\u00e1nsk\u00e9, d\u011btsk\u00e9<br><\/li>\n\n\n\n<li>\u00fa\u010desy denn\u00ed i spole\u010densk\u00e9<\/li>\n<\/ul>\n\n\n\n<p>Barven\u00ed, mel\u00edry<\/p>\n\n\n\n<p>Trval\u00e1 ondulace<\/p>\n\n\n\n<p>Foukan\u00e1 ondulace<\/p>\n\n\n\n<p>\u00daprava vous\u016f<\/p>\n\n\n\n<p>St\u0159\u00edh\u00e1n\u00ed<\/p>\n\n\n\n<p><\/p>\n\n\n\n<p><em>Cen\u00edk k nahl\u00e9dnut\u00ed na provozovn\u011b.<\/em><\/p>\n","protected":false},"excerpt":{"rendered":"<p>Barven\u00ed, mel\u00edry Trval\u00e1 ondulace Foukan\u00e1 ondulace \u00daprava vous\u016f St\u0159\u00edh\u00e1n\u00ed Cen\u00edk k nahl\u00e9dnut\u00ed na provozovn\u011b.<\/p>\n","protected":false},"author":1,"featured_media":0,"parent":0,"menu_order":0,"comment_status":"closed","ping_status":"closed","template":"","meta":{"footnotes":""},"class_list":["post-116","page","type-page","status-publish","hentry"],"_links":{"self":[{"href":"https:\/\/kotrbova.cz\/index.php?rest_route=\/wp\/v2\/pages\/116","targetHints":{"allow":["GET"]}}],"collection":[{"href":"https:\/\/kotrbova.cz\/index.php?rest_route=\/wp\/v2\/pages"}],"about":[{"href":"https:\/\/kotrbova.cz\/index.php?rest_route=\/wp\/v2\/types\/page"}],"author":[{"embeddable":true,"href":"https:\/\/kotrbova.cz\/index.php?rest_route=\/wp\/v2\/users\/1"}],"replies":[{"embeddable":true,"href":"https:\/\/kotrbova.cz\/index.php?rest_route=%2Fwp%2Fv2%2Fcomments&post=116"}],"version-history":[{"count":4,"href":"https:\/\/kotrbova.cz\/index.php?rest_route=\/wp\/v2\/pages\/116\/revisions"}],"predecessor-version":[{"id":277,"href":"https:\/\/kotrbova.cz\/index.php?rest_route=\/wp\/v2\/pages\/116\/revisions\/277"}],"wp:attachment":[{"href":"https:\/\/kotrbova.cz\/index.php?rest_route=%2Fwp%2Fv2%2Fmedia&parent=116"}],"curies":[{"name":"wp","href":"https:\/\/api.w.org\/{rel}","templated":true}]}}